se
Let o(n) = 3*n**2 - 24*n - 20. Let z be o(19). Suppose 197 = -2*l + i + z, -800 = -4*l - 3*i. Is l prime?
False
Let i(p) = p**3 + 51*p**2 - 154*p + 19. Is i(-34) composite?
False
Let d = 5675 + 27074. Is d composite?
False
Suppose -114*x - 18277 = -121*x. Is x prime?
False
Let i(k) be the third derivative of k**5/60 + k**4/2 + 7*k**3/3 + 6*k**2. Let g be i(-11). Suppose -4*a + g*u + 510 = 0, -5*u = 5*a - 0*u - 655. Is a prime?
False
Let t(b) = 2*b**3 + 6*b**2 + 7*b + 5. Let l(o) = 2*o**3 + 5*o**2 + 6*o + 4. Let j(v) = 2*l(v) - 3*t(v). Is j(-6) prime?
True
Let r = 18 + -14. Let k = r - 6. Is 1 - (-3 - (365 - k)) composite?
True
Suppose 4*o = 733 + 855. Suppose -4*j + o = -3*j - 4*a, 8 = -2*a. Is j composite?
True
Let w be 3*14*(-1)/6. Is (-31455)/(-189) - (-3)/w composite?
True
Let a be 13/39 + (-255)/(-9)*29. Let v = 107 + a. Is v composite?
False
Let f = 21712 + -10361. Is f a prime number?
True
Let y(x) = x**2 - 15*x + 4. Let c be y(15). Let f = 25 - 19. Is (c/f)/((-4)/(-3342)) composite?
False
Let w(o) = 7*o**2 - 11*o - 10. Let n be w(10). Suppose -3*x - 17 = -2*r, -5*r - 8 = 3*x + 2. Is (n/2)/(1 + r) a prime number?
False
Suppose 0 = 4*u - 12*u - 16. Let w(n) = 124*n**2 + 2*n - 1. Is w(u) a composite number?
False
Suppose -4*t = 3*x - 193789, 12*x - 4*t = 14*x - 129198. Is x prime?
True
Let u(f) = 21*f**3 - 3*f**2 - 5*f + 1. Suppose -5*c - 5*v - 5 = -0*v, 2*v - 6 = -4*c. Is u(c) composite?
False
Let c(m) be the third derivative of -5*m**4/24 - 11*m**3/6 + 7*m**2. Is c(-16) prime?
False
Let l = 29 + -221. Suppose 8*y - 218 + 3810 = 0. Let s = l - y. Is s a prime number?
True
Is (-3 - -4)/(1/13733) a composite number?
True
Suppose o = b - 6, 3*o + 6*b = 3*b. Is (2874/18)/((-1)/o) a prime number?
True
Suppose -l + 1175 = 5*s - 5*l, 0 = -2*s - 5*l + 437. Suppose -s*y = -233*y + 3766. Is y prime?
False
Let x be -270 - (-2 + -1 + 1). Let f = 395 + x. Is f prime?
True
Let v be -1*(1 + -1 + 0). Suppose v = 3*f - 24 + 3. Let y(d) = 11*d - 10. Is y(f) prime?
True
Is 95305 + -5 - (-33)/3 a composite number?
False
Let l(s) = 12*s**2 - 40*s + 215. Is l(19) prime?
False
Let y = 520 + -299. Let q = y - -98. Is q a composite number?
True
Let u be (2/2)/((-4)/36). Let a be (u/2)/(9/(-372)). Suppose -3*j + 6*j = a. Is j a composite number?
True
Let q(d) = 14*d - 4. Let s be q(1). Suppose 0 = 8*n - s*n + 98. Is n a composite number?
True
Let d = 183 + 3316. Is d composite?
False
Let a = 2019 - 1366. Suppose -u + 87 - a = 0. Let v = -259 - u. Is v a prime number?
True
Is 11/(-55)*-5*1*2081 composite?
False
Let l(a) = a**3 - 21*a**2 - 15*a - 12. Is l(23) prime?
True
Let j(k) = 984*k - 19. Let n be j(4). Suppose -4*z + 2*h = z - n, 4*z = 5*h + 3120. Is z a composite number?
True
Suppose 0*f - 35609 = -3*r + 4*f, -59290 = -5*r - 5*f. Is r composite?
False
Let l = 4199 + -1656. Is l a composite number?
False
Let b = 18 - 8. Let l(o) = -9 - 7*o + o**2 + 13 - 13. Is l(b) prime?
False
Is -2*(6818/(-42))/((-4)/(-6)) composite?
False
Suppose -1080*c + 416917 = -1061*c. Is c a composite number?
False
Let x = 1 - -7. Suppose 3*f + t = x*f - 1460, -5*t = -25. Is f a prime number?
True
Is (-138186)/42*-3 - 16/(-28) prime?
True
Suppose -10*r - 16*r = -518570. Is r prime?
False
Suppose 3*i + 9 = 0, 0*g + 23887 = 4*g - i. Is g a prime number?
False
Suppose 5*c - 20 = -0*c. Let h be (145 - -3)/c + -3. Let z = h - -49. Is z a composite number?
False
Let r(b) = b**3 + 3*b**2 - 2*b - 12. Let a be r(0). Is 6/a*(-449 + 0)*2 composite?
False
Suppose -2 = b - 3. Suppose -17 - b = -3*q. Let f(c) = 49*c + 1. Is f(q) a prime number?
False
Let k = -9 - -14. Suppose -v = 2*g + 3*v - 1742, 0 = k*g + v - 4382. Is g a composite number?
False
Let a be ((-68)/(-8) + -4)*-6. Is 6/a + (-7388)/(-36) prime?
False
Let a be 1/(150/51 - 3). Let s = a + 17. Suppose s*h - 2*h = -4*n - 246, -2*h + 238 = -2*n. Is h prime?
False
Suppose -6*k + 15 = -k - v, 0 = -5*k + 2*v + 15. Suppose 5*z = 2*i + k - 8, z + 4 = i. Suppose 40 = i*x - x. Is x a composite number?
True
Is (680562/729)/(4/18) composite?
False
Suppose 2*x + 1 = m - 16, -x - 2*m - 1 = 0. Let w = x + 88. Suppose 3*h = -2*q + w, 91 = 6*q - 4*q + 5*h. Is q prime?
False
Let u = 256 + -161. Let y = u - 32. Let z = y + -20. Is z prime?
True
Suppose -2*i + 9*g = 4*g - 40214, 5*g = 0. Is i prime?
True
Let o = -5 - -6. Let b = 1 - o. Suppose 6*h - 3*h - 159 = b. Is h a prime number?
True
Suppose -4*w + w + 168 = 0. Let g be w + 0 - 14/(-7). Let l = g + 37. Is l prime?
False
Let b = 3995 + -1842. Is b composite?
False
Let y(m) = 3474*m - 245. Is y(19) a composite number?
False
Suppose 5*q - 2618 = 3*x - 5*x, 2*x = -4*q + 2618. Suppose -2*m - m = -k - x, 4*k - m + 5236 = 0. Is (k - -3)/(-4 - -2) prime?
True
Let y(m) = 1 + 10*m + 45*m - 6 + 57*m. Is y(4) composite?
False
Suppose -3*r = -4*r - 32. Let n be -2*((-17016)/720 - 2/(-15)). Let b = r + n. Is b a prime number?
False
Suppose -4*w + 0 = -3*h - 6, -3*h + 12 = 2*w. Suppose -h*i + 185 = 53. Is 4/12*1*i a prime number?
False
Suppose 4 = -t + 8. Suppose -t*p + 7*p = 2*i + 1031, 2*i - 1051 = -3*p. Is p prime?
True
Let u(p) = 2489*p**3 + 7*p**2 - 10*p - 1. Is u(2) a prime number?
True
Let j(u) = -51*u - 4. Let l(p) = 102*p + 9. Let a(g) = 13*j(g) + 6*l(g). Let n be -3 - 4/10*5. Is a(n) composite?
False
Suppose -u + 3*u + 8 = -2*k, 0 = 5*u + 25. Let d be k/(9/21)*-2589. Is 4*(d/(-4))/7 a prime number?
True
Suppose -71*u = -62*u - 40923. Is u a composite number?
False
Let w(k) = 33*k**2 + 6*k - 1. Let a(q) = -5*q + 9. Let j be a(3). Is w(j) composite?
False
Let m = -4968 + 8609. Is m prime?
False
Let q(t) = 69*t**2 - 8*t + 11. Suppose 29 = 16*b + 125. Is q(b) a prime number?
True
Suppose 0 = s - 5*s + 4. Let b be 4/s + (-6)/(-1). Is (b + -8)/(2/19) a composite number?
False
Let y(d) = 69*d**2 + 5*d - 11. Let p be y(11). Suppose 2*u + 0*u = -4*q + 3378, -3*q = -5*u + p. Is u composite?
True
Let r be (1*-1)/((-9)/27). Suppose 9*u = r*u + 342. Is u prime?
False
Let x(g) = -13*g**3 - 4*g**2 + 15*g + 1. Is x(-10) composite?
False
Let i(v) = 6*v**2 + 4*v. Let m be i(-5). Let p = m - 87. Suppose 2*d - 158 = 3*k, d + k - 122 = -p. Is d a composite number?
False
Suppose -2*v - 8568 = -5*v + 3*s, 2*v = 5*s + 5709. Is v a prime number?
True
Suppose 2*a - 5*l + 21 = 0, -2*a + l - 3 = -2. Is (10/30)/(a/354) a prime number?
True
Is 25253/7 - (46/7 - 6) a prime number?
True
Let o = -141 - -140. Let b = 0 - 4. Is b - -1 - 688*o prime?
False
Suppose 3*g = g - 4. Is 543/6*(g + 4) a composite number?
False
Let p(h) = 43*h**2 + 91. Is p(-20) prime?
True
Suppose d - 16 + 5 = -2*w, 0 = -4*d - 5*w + 35. Suppose d*i - 3*r = -169, 3*r - 41 = i - 0*i. Is (2056/i)/(2/(-8)) prime?
True
Let w(r) be the first derivative of 2*r**3 + 5*r**2 - 19*r - 7. Is w(9) a composite number?
False
Let y(c) = 4*c - 32. Let s be y(8). Suppose 13*r - 25*r + 1956 = s. Is r a composite number?
False
Let r(s) = 3*s - 30. Let f be r(12). Suppose 9*m = f*m + 4953. Is m prime?
False
Let n(l) = l**3 + 14*l**2 + 7*l - 17. Let t(o) = -5 + o - 6 + 4*o + 2 - 2*o**2. Let y be t(3). Is n(y) a composite number?
True
Let l = -1209 + 2730. Suppose 0 = -5*r + l + 1294. Is r a composite number?
False
Suppose 0*z + 3*z = 9. Suppose 2*v + 21 = -4*m + 3*v, -5*m - 28 = -z*v. Let l(o) = 4*o**2 - 4*o + 3. Is l(m) prime?
False
Let h(z) = 7*z**2 + 64*z + 772. Is h(-39) a composite number?
False
Let g(x) = 18*x**2 + 211 - 12*x**2 - x - 5*x**2. Let a(n) = -2*n - 2. Let q be a(-1). Is g(q) a composite number?
False
Let t = -3625 + 7952. Is t composite?
False
Let c = 18 - 5. Let z = -39 - -42. Suppose 4*d = t - 1 - c, 0 = -z*t - 2*d + 112. Is t a prime number?
False
Let w(z) = -z**2 + 5*z - 2. Let d be w(6). Let x = 20 + d. Is x/(-28) + (-4040)/(-35) a prime number?
False
Let y(a) = 127*a + 3 + 0 + 100*a. Let g be y(3). Is (-4)/(-28) - g/(-14) a prime number?
False
Suppose 0 = -0*j - j. Suppose 5*p - 355 - 120 = j. Is p prime?
False
Suppose -104774 - 10098 = -8*p. Is p a prime number?
False
Suppose -2*l + 5 = 4*h + h, -2*l + 4 = 4*h. Suppose l = 4*i + i. Suppose -x - 28 = -2*o + o, -4*o + 2*x + 106 = i. Is o composite?
True
Let x = -28 + 57. Let o = x + -6. Let l = 270 + o. Is l composite?
False
Let d(m) = -m**3 + 27*m**2 + 16*m - 31. Is d(19) composite?
True
Suppose -4*x + 6